4/20). Is -2 - (-1 - u*59) prime?
False
Suppose -4*g - 3*d = -42757, 4*g - 5*d + 230 - 42963 = 0. Is g composite?
False
Suppose 3*g - 4*g = 3. Is (g/3)/(2/(-1846)) a prime number?
False
Suppose -11*m + 3*f - 19287 = -15*m, 4*f - 19288 = -4*m. Is m composite?
True
Suppose -7*j = -q - 3*j + 1527, -4*q + j + 6168 = 0. Is q composite?
False
Let u = -633 - -1624. Is u a prime number?
True
Let q(n) = -n**3 - 11*n**2 - 11*n - 2. Suppose -5*x = -5*l + 40, -4*l - 16 - 2 = x. Let y be q(x). Let p(o) = o**3 - 4*o**2 - 9*o + 7. Is p(y) a prime number?
True
Let a(q) = 724*q + 241. Is a(40) composite?
False
Suppose -5*l + 4*t + 69 + 38 = 0, -l + 19 = -2*t. Suppose -4*w = h - 0*h + 2, 3*h - 5*w = -l. Is (h/(-10))/(2/170) prime?
False
Let s be -12*(-4)/(-18)*-3. Suppose -2 = -2*q + s. Suppose 0 = -q*y + 4*y + 46. Is y a prime number?
False
Let r = 74 + -74. Suppose -3*i + 651 = -r*i. Is i composite?
True
Let f = 121 + -50. Let b = f - 33. Is b composite?
True
Let y(k) = -k**3 - 5*k**2 + k + 4. Let n(h) = 2*h**3 + 13*h**2 + 5*h - 2. Let o be n(-6). Let v be y(o). Let b = v + 221. Is b a prime number?
False
Let l(m) = -m**3 + 3*m**2 - 6*m**2 + 4 - 2*m - m. Let p(f) = f**3 - 30*f**2 - 16*f + 475. Let o be p(30). Is l(o) a composite number?
True
Let z(w) = 4*w**3 - 3*w**2 - 6. Let h be z(3). Let t = h - -124. Suppose -5*l = -2*f + 842, -f - l = -t - 236. Is f prime?
True
Suppose -3 - 33 = -6*r. Suppose r*m - 8939 = -m. Is m prime?
True
Let u(g) = 6*g - 4. Let p be u(4). Suppose m + 1 = -2*o - 1, 4*m + 2*o + p = 0. Is (m/(-12))/((-1)/(-14)) prime?
True
Suppose -11*b + 8*b = -567. Suppose -5*l - b = -3*y + 1152, l - 2235 = -5*y. Is y composite?
True
Let y(d) = 74*d - 10*d + 1 + 3. Let w(x) = -320*x - 21. Let r(m) = 2*w(m) + 11*y(m). Is r(3) a composite number?
True
Let z(j) = 121*j**3 + 10*j**2 - 19*j - 1. Is z(3) composite?
False
Let s(k) be the first derivative of -k**4/4 + 17*k**3/3 - 13*k**2/2 + 23*k - 13. Is s(12) a composite number?
False
Is 1 + 3/(-4) - 1392930/(-792) composite?
False
Let i(u) = 97*u - 80. Is i(31) prime?
True
Suppose -5*x + 8 = -17. Suppose 70 = g + x*m - 199, 3*g - 763 = -4*m. Let l = g - 38. Is l a composite number?
False
Let b = -1876 - -4352. Suppose -b - 1948 = -8*l. Is l a composite number?
True
Let y(v) = 2 + 6*v - 3*v - 4*v - v + 29*v**2. Let t = -2 - -5. Is y(t) a composite number?
False
Let d = 12486 - 5593. Is d a prime number?
False
Let r = -28 + 77. Suppose 29 = -2*d - r. Let c = 77 + d. Is c a composite number?
True
Let s be (3/(-2)*-5)/((-9)/804). Let k = s - -1697. Is k a prime number?
False
Suppose 0 = 2*k + 5*g + 393, 3*k + 622 = -0*k - g. Let n = 486 + k. Let x = n + -150. Is x a prime number?
True
Suppose 4298 = 2*x - 5*b, 5*x = 8*x + 2*b - 6447. Is x a prime number?
False
Let n(a) = 784*a - 303. Is n(49) a prime number?
True
Suppose 5*s = -h - 16, -2*s - 5*h = -3*s - 24. Let x(v) = -3*v**3 - 3*v**2 + 5. Is x(s) a composite number?
False
Suppose 0 = 15*p - 13334 - 9556. Let c = 9 + -1. Is 6/24 + p/c a prime number?
True
Suppose -613 - 429 = -2*d. Let l = -254 + d. Is l a composite number?
True
Let t(n) = n**3 - 28*n**2 - 17*n - 49. Let h be t(26). Let p = h - -4176. Is p composite?
False
Let p = 1 + 3. Suppose -20 = -4*g + p*k, -3*k = -5*g - k + 22. Suppose 3*b = x - 167, -g*x + 0*x = 5*b - 634. Is x composite?
True
Suppose -2 = h - 4, -25 = -3*m + 4*h. Let a(z) = 18*z - 19. Is a(m) composite?
False
Let v = -1688 - -4393. Is v prime?
False
Let v be (-6 - -48)*16/6. Let w be (-1)/7 - (-464)/v. Suppose 769 = w*q - z, -q - 4*z + 40 + 131 = 0. Is q a prime number?
True
Suppose 23549 = 4*q + 2025. Is q prime?
True
Let q = 183 - 264. Let g = q - -47. Let p = 85 + g. Is p prime?
False
Is 801*5/(-1 - -6) + -2 a prime number?
False
Let m(w) = 649*w - 1. Let y be m(9). Suppose -5*z + 4*x + y = 3*x, -3*z + x = -3502. Is z a prime number?
False
Let m = -10042 - -15029. Is m a composite number?
False
Let o = 112 + -28. Suppose 2*d + 4*t = 652, d - 413 = -t - o. Suppose 0 = 2*c - 0*c - d. Is c a prime number?
False
Suppose 5*o + 4*g = o + 1220, -5*o + 2*g = -1539. Let i be (-33)/(-12) - (-3)/(-4). Suppose -o = -2*u + 5*q - 68, i*q - 6 = 0. Is u prime?
True
Suppose 5*w + 2*k = 45, 3*w = -5*k + 7 + 39. Suppose -23*u + w*u + 5744 = 0. Is u composite?
False
Is (3353/2)/(6/12) prime?
False
Let a(u) = 62*u**2 + u - 14. Let j be a(-14). Suppose 16*d + j = 39468. Is d a prime number?
True
Suppose -11*h = -8*h - 18. Suppose -2*n + h*n = 1172. Is n a prime number?
True
Let k(d) = 117*d**2 + 3*d - 1. Let q be k(1). Suppose q = 5*r - 46. Is r a prime number?
False
Let w = -167 + 41. Suppose 3*u - 20 = -2*u, -5*f + 4*u - 201 = 0. Let i = f - w. Is i a composite number?
False
Suppose -7*f + 5*k = -11*f + 13944, -5*f = k - 17451. Is f composite?
False
Let c be 16 + (-1 - 0/(-2)). Suppose -2*b - 6*g + 3*g = -199, -5*g - c = 0. Suppose -b = -5*n + 21. Is n a prime number?
False
Let s = -18534 - -40181. Is s a composite number?
False
Suppose -f = 2*g + f + 1708, -3*f = -2*g - 1683. Let h(j) = -1796*j**3 + j**2 - 1. Let o be h(-1). Let r = o + g. Is r a prime number?
True
Let k = 889 + -302. Is k composite?
False
Let j(t) = -2*t - 25. Let m be j(-14). Suppose -m*n + 3361 = 4*w, 2*n + 0*n + 4*w = 2246. Is n composite?
True
Let s be (-1)/3 - ((-6965)/15 + -1). Let o = s + -200. Is o a prime number?
False
Let h(a) = 87*a**2 + 13*a - 108. Is h(-22) prime?
False
Let t(f) = -f**2 + 8*f - 7. Let i be t(6). Let j(s) be the third derivative of 11*s**4/12 + 11*s**3/6 + 29*s**2 - 2*s. Is j(i) prime?
False
Let z = 516 - 290. Is (-1 - -1) + z/(4 - 2) composite?
False
Let g(t) = -t**3 + 4*t**2 + 11*t + 3. Let s be g(6). Let v(w) = -76*w - 5. Is v(s) a prime number?
True
Suppose 0 = 6*m - 603 - 399. Is m a prime number?
True
Suppose -4*h = -4*u - 2524 + 9464, -3*h = 12. Is u prime?
False
Suppose 2188 + 452 = -4*a. Let m = -238 - a. Suppose 5*l = 3*l + m. Is l composite?
False
Suppose 11*f + 202805 = 58*f. Is f prime?
False
Suppose 4*z - 1 = 23. Let o(n) = 5*n**3 - 4*n**2 + 6*n - 5. Is o(z) prime?
True
Let u(g) be the second derivative of g**5/20 - 5*g**4/6 + g**3/6 + 17*g**2/2 + 25*g. Is u(12) composite?
False
Is 1407576/48 + (-10)/(-4) prime?
True
Let l(s) = -2*s**3 - 9*s**2 - 3*s + 8. Let a(u) = u**2 + 11*u - 24. Let i be a(-13). Suppose -20 + 6 = i*k. Is l(k) composite?
True
Suppose -5*l = -w - 6078, l - 6096 = w + 5*l. Let x = w - -8817. Is x prime?
True
Let z = 36 + -33. Suppose -5*o + z*b + 23392 = 762, 4*o + 5*b = 18141. Is o a prime number?
False
Let c be (-24)/(-15) - 4/(-10) - -167. Let b be (2 - 0)*(6 + 302). Suppose -3*t = c - b. Is t a prime number?
True
Let i = 26 + -23. Is 0 + -159*i/(-9) composite?
False
Let a = 112 + 535. Let l = a + -90. Is l a composite number?
False
Let h be 2/8 - 35/(-20). Suppose 4*f - y = -h*y + 663, 2*f + 3*y = 319. Let d = 244 - f. Is d composite?
True
Let m = -5571 + 125426. Is m prime?
False
Suppose 0 = 6*v - 2*v. Suppose 0 = -5*h - 101 + 121. Suppose h*m + u - 1329 = v, -5*m + m - 3*u = -1339. Is m a composite number?
False
Suppose -b - 1 = -3. Suppose -b*d - 538 = -98. Is (-1)/(4/d) + 0 a prime number?
False
Let n = -17 - -14. Let a = n + 3. Suppose s = 2*w + 83, -w - 451 = -5*s - a*w. Is s prime?
False
Suppose b = -n + 12681, -63397 = -5*n - 2*b + b. Is n prime?
False
Suppose 4*m + 12 = 5*f, m + 3 = -0*m - 2*f. Let s be 12/(-9)*m/2. Is 106 + -1 + 8/s a composite number?
False
Let w(j) = 4*j - 46. Let d be w(12). Suppose -3*p + 9365 = -d*f, -5*p + 6242 = -3*p - f. Is p composite?
False
Let n = 1078 - -1283. Is n composite?
True
Suppose -4*q - 3*i = -22256, 11*q + 3*i = 8*q + 16695. Is q a prime number?
False
Let r be 1*(3 - (2 + 2)). Let i(g) = -5*g - 2. Let y be i(r). Is 249 + 2*(y + -1) composite?
True
Suppose 153737 = 5*q + 3*x + 39537, 3*q - 68514 = -3*x. Is q a prime number?
False
Suppose 0 = -22*n + 10301 + 66501. Is n composite?
False
Is (-385)/28*2*(-2722)/5 a composite number?
True
Let k(m) = -2*m**2 - 4700*m**3 - 2301*m**3 + 1398*m**3 - m - 1 - m. Let s be k(-1). Is s/4 - 30/20 a prime number?
True
Suppose 8*j + 7*j - 357855 = 0. Is j prime?
True
Let i(p) = 138*p**2 - p. Suppose 2*z - g + 7 = -2*z, -4*z - 1 = g. Is i(z) a composite number?
False
Suppose 0 = 4*t - 20 - 4. Suppose t*f = 9*f - 978. Suppose -f =